192
Calculate the remainder when 199350 is divided by 446.
434
What is the remainder when 14072 is divided by 503?
491
What is the remainder when 143859 is divided by 13?
1
What is the remainder when 7887 is divided by 656?
15
What is the remainder when 72182 is divided by 7?
5
What is the remainder when 136593 is divided by 85?
83
Calculate the remainder when 11970 is divided by 2946.
186
What is the remainder when 1052 is divided by 236?
108
What is the remainder when 4039 is divided by 1?
0
Calculate the remainder when 10895 is divided by 1307.
439
What is the remainder when 991 is divided by 89?
12
What is the remainder when 66507 is divided by 66490?
17
Calculate the remainder when 9528 is divided by 2382.
0
What is the remainder when 3289 is divided by 3270?
19
What is the remainder when 4563 is divided by 441?
153
What is the remainder when 437 is divided by 258?
179
What is the remainder when 95493 is divided by 261?
228
Calculate the remainder when 26750 is divided by 8.
6
Calculate the remainder when 62108 is divided by 714.
704
Calculate the remainder when 34857 is divided by 8690.
97
Calculate the remainder when 266297 is divided by 53256.
17
Calculate the remainder when 242810 is divided by 48.
26
Calculate the remainder when 2909 is divided by 773.
590
What is the remainder when 12114 is divided by 3926?
336
Calculate the remainder when 699 is divided by 678.
21
What is the remainder when 3096 is divided by 108?
72
Calculate the remainder when 3486 is divided by 1737.
12
What is the remainder when 44680 is divided by 14888?
16
What is the remainder when 25193 is divided by 8397?
2
Calculate the remainder when 352719 is divided by 50387.
10
Calculate the remainder when 23000 is divided by 558.
122
What is the remainder when 11995 is divided by 200?
195
Calculate the remainder when 19820 is divided by 2850.
2720
What is the remainder when 1703 is divided by 42?
23
Calculate the remainder when 322 is divided by 146.
30
What is the remainder when 6122 is divided by 91?
25
What is the remainder when 1351 is divided by 301?
147
Calculate the remainder when 1959 is divided by 313.
81
Calculate the remainder when 12903 is divided by 18.
15
What is the remainder when 67525 is divided by 19?
18
Calculate the remainder when 11328 is divided by 60.
48
Calculate the remainder when 85397 is divided by 1611.
14
What is the remainder when 27658 is divided by 27645?
13
What is the remainder when 24910 is divided by 422?
12
What is the remainder when 3550468 is divided by 203?
201
Calculate the remainder when 8293 is divided by 11.
10
What is the remainder when 59282 is divided by 9?
8
What is the remainder when 65374 is divided by 70?
64
Calculate the remainder when 423 is divided by 196.
31
What is the remainder when 279998 is divided by 150?
98
Calculate the remainder when 31922 is divided by 75.
47
What is the remainder when 338014 is divided by 257?
59
Calculate the remainder when 35740 is divided by 729.
19
What is the remainder when 780697 is divided by 20?
17
Calculate the remainder when 797 is divided by 66.
5
Calculate the remainder when 11449 is divided by 106.
1
What is the remainder when 2989 is divided by 2134?
855
What is the remainder when 171223 is divided by 24460?
3
What is the remainder when 256943 is divided by 202?
201
Calculate the remainder when 16435 is divided by 433.
414
What is the remainder when 1004 is divided by 441?
122
What is the remainder when 534 is divided by 105?
9
What is the remainder when 42488 is divided by 2121?
68
What is the remainder when 2066 is divided by 83?
74
Calculate the remainder when 97993 is divided by 32655.
28
What is the remainder when 160970 is divided by 596?
50
Calculate the remainder when 18316 is divided by 4187.
1568
Calculate the remainder when 1892 is divided by 91.
72
Calculate the remainder when 2939 is divided by 251.
178
Calculate the remainder when 209804 is divided by 213.
212
What is the remainder when 3286 is divided by 331?
307
What is the remainder when 40378 is divided by 734?
8
Calculate the remainder when 3109 is divided by 275.
84
Calculate the remainder when 452 is divided by 61.
25
Calculate the remainder when 2402 is divided by 29.
24
Calculate the remainder when 714 is divided by 180.
174
Calculate the remainder when 4533 is divided by 93.
69
What is the remainder when 282 is divided by 216?
66
What is the remainder when 528873 is divided by 1763?
1736
Calculate the remainder when 5312 is divided by 6.
2
What is the remainder when 4549 is divided by 383?
336
Calculate the remainder when 68774 is divided by 101.
94
What is the remainder when 9113 is divided by 2925?
338
Calculate the remainder when 149758 is divided by 195.
193
What is the remainder when 11674 is divided by 377?
364
Calculate the remainder when 538606 is divided by 22441.
22
Calculate the remainder when 313836 is divided by 15.
6
Calculate the remainder when 16846 is divided by 16839.
7
What is the remainder when 13412 is divided by 9?
2
What is the remainder when 8773 is divided by 1252?
9
What is the remainder when 48091 is divided by 34?
15
Calculate the remainder when 5975 is divided by 816.
263
What is the remainder when 2031 is divided by 33?
18
Calculate the remainder when 104395 is divided by 3866.
13
What is the remainder when 11036 is divided by 160?
156
Calculate the remainder when 1794 is divided by 824.
146
Calculate the remainder when 1419 is divided by 488.
443
What is the remainder when 3360 is divided by 16?
0
What is the remainder when 11930 is divided by 498?
476
What is the remainder when 32138 is divided by 141?
131
What is the remainder when 7494 is divided by 1001?
487
What is the remainder when 6284 is divided by 892?
40
Calculate the remainder when 117524 is divided by 88.
44
What is the remainder when 31381 is divided by 39?
25
What is the remainder when 39983 is divided by 17?
16
What is the remainder when 35756 is divided by 967?
944
What is the remainder when 7230 is divided by 6922?
308
Calculate the remainder when 3555 is divided by 897.
864
What is the remainder when 6453 is divided by 1254?
183
What is the remainder when 92342 is divided by 56?
54
What is the remainder when 97775 is divided by 291?
290
Calculate the remainder when 303054 is divided by 104.
102
Calculate the remainder when 244034 is divided by 9.
8
Calculate the remainder when 607672 is divided by 11686.
0
What is the remainder when 23336 is divided by 39?
14
What is the remainder when 246892 is divided by 61721?
8
Calculate the remainder when 22929 is divided by 21.
18
Calculate the remainder when 5697 is divided by 2844.
9
What is the remainder when 8324 is divided by 2752?
68
What is the remainder when 100064 is divided by 918?
2
Calculate the remainder when 144477 is divided by 35.
32
What is the remainder when 2242 is divided by 708?
118
What is the remainder when 70239 is divided by 11628?
471
Calculate the remainder when 16788 is divided by 8283.
222
What is the remainder when 28464 is divided by 28452?
12
Calculate the remainder when 5851 is divided by 505.
296
Calculate the remainder when 3038 is divided by 644.
462
Calculate the remainder when 147818 is divided by 190.
188
What is the remainder when 68356 is divided by 254?
30
Calculate the remainder when 4033 is divided by 367.
363
What is the remainder when 57419 is divided by 81?
71
What is the remainder when 9485 is divided by 377?
60
What is the remainder when 51958 is divided by 3057?
3046
Calculate the remainder when 39519 is divided by 4.
3
What is the remainder when 101831 is divided by 14545?
16
Calculate the remainder when 19608 is divided by 610.
88
Calculate the remainder when 159489 is divided by 15.
9
What is the remainder when 1824 is divided by 37?
11
Calculate the remainder when 18494 is divided by 24.
14
What is the remainder when 2617 is divided by 167?
112
Calculate the remainder when 22619 is divided by 12.
11
What is the remainder when 5212 is divided by 93?
4
What is the remainder when 295369 is divided by 39?
22
What is the remainder when 1624 is divided by 273?
259
Calculate the remainder when 63825 is divided by 1587.
345
What is the remainder when 15922 is divided by 661?
58
Calculate the remainder when 140 